 2*a. Let x(c) = 2*c**3 - 11*c**2 + 5*c. Let r be x(7). What is the highest common factor of r and n?
14
Suppose -24 = -2*l + 6*l. Let v be (l*(-3 - 3))/2. What is the greatest common factor of 108 and v?
18
Let p(q) = 10*q + 1. Let o be p(4). Let y(k) = 108*k + 771. Let n be y(-6). Calculate the highest common factor of n and o.
41
Let n = 4 + -6. Let x = n - -4. Let f be (3/5)/(39/130). What is the greatest common factor of x and f?
2
Let r = -16 + 26. Suppose -i + 35 = r. Calculate the highest common divisor of 10 and i.
5
Let l(x) = -29*x + 10*x - 14 - x**2 + 1. Let b be l(-8). Calculate the highest common divisor of 15 and b.
15
Let g(k) = -26*k**3 + 6*k**2 + 9*k - 2. Let w be g(-2). Calculate the greatest common divisor of w and 477.
53
Let d be (-3 + 86 - 1) + -3. Let t = d + -36. Let l = 92 - t. What is the highest common divisor of 7 and l?
7
Suppose 0 = -2*p - 5*x + 4, 4*x + 10 = 5*p - 0. Suppose 5*s = 84 - 34. Let t = s + -2. Calculate the greatest common factor of t and p.
2
Suppose -25*s + 232*s - 7452 = 0. Let y be (2 - -4)*11*6. Calculate the highest common divisor of s and y.
36
Let w = 406 + -191. Let z be (-2 + 5)/(w/35 - 6). Suppose 5*x - 57 = 678. Calculate the highest common divisor of z and x.
21
Let j(x) = x**2 - 17*x + 80. Let u be j(12). What is the greatest common factor of u and 90?
10
Let i(d) = d**2 + 13*d - 4. Let h be i(-17). What is the highest common divisor of 112 and h?
16
Let z = 36 + -15. Let u(q) = -q**3 + 3*q**2 - 10*q + 12. Let f be u(5). Let i = f - -102. What is the greatest common factor of i and z?
7
Suppose -14*f - 4*f + 72 = 0. Suppose 0 = -f*x - k + 55, -28 + 3 = 5*k. Let h = 9 - 4. What is the greatest common factor of x and h?
5
Let y(i) = -2*i**3 - 47*i**2 + 18*i + 12. Let p be y(-24). Let w be (-22)/(772/p - 5). Calculate the greatest common factor of w and 39.
39
Suppose 3*l = l - 144. Let k = -54 - l. Calculate the greatest common factor of k and 63.
9
Let y(c) be the second derivative of -c**3/3 + 3*c**2 - c. Let k be y(-5). Let o = 34 + -18. Calculate the highest common factor of o and k.
16
Let s(x) = x**3 + 8*x**2 - 8*x + 11. Let o be s(-9). Let v be (-6)/((3 - 1) + -4) - 0. What is the highest common divisor of o and v?
1
Suppose 0 = 3*y + 6 + 6, -4 = 4*q + y. Let c = q + 0. Suppose c*i = 3*i - 264. What is the greatest common factor of i and 11?
11
Let q = 5 - 1. Suppose o - t - 10 = 34, 5*t + 28 = o. Let g = 52 - o. Calculate the highest common factor of q and g.
4
Let w be (17/(-34))/((-14)/12 + 1). Suppose -101 = -w*p - 71. Calculate the highest common factor of 45 and p.
5
Let k = -1 + 34. Let q = -39 + 61. What is the highest common divisor of k and q?
11
Suppose -17*w + 11*w = -1488. Calculate the greatest common divisor of 31 and w.
31
Let m = 161 + 2539. What is the greatest common factor of m and 100?
100
Let a(g) = -34*g + 5. Let s be a(-2). Suppose -3*k + 8*k = x + s, 5*x - 41 = -4*k. What is the greatest common divisor of k and 7?
7
Let m = 409 - 292. Let c = -19 - -17. Let s be (-351)/(-26) + c/4. Calculate the greatest common divisor of s and m.
13
Let f = -108 + 110. Let k be ((-40)/1 - f)/(-1). Calculate the highest common divisor of 6 and k.
6
Let p be ((-20)/(-3))/(-2)*90/(-12). Calculate the highest common divisor of 75 and p.
25
Suppose -38 = -d - 5*v - 7, 3*d = 3*v + 165. Calculate the greatest common divisor of 68 and d.
17
Suppose g - 31 = -13. Suppose -4*j = -2*j + 12. Let z(y) = -3*y - 9. Let x be z(j). Calculate the highest common divisor of g and x.
9
Let v be (-50463)/(-45) + (-1 - (-9)/15). Calculate the greatest common divisor of 19 and v.
19
Let n be -3*(-3)/(-18)*-6. Suppose -3*u + 3 = 0, -4*k = u - n*u - 78. What is the highest common factor of k and 100?
20
Suppose 12 + 16 = r. Suppose -r = -t + 2. What is the greatest common divisor of t and 10?
10
Suppose 2*w - 5*s = 119, 3*w + 0*s = 4*s + 168. Let t(g) = -g**3 - 3*g**2 + g - 19. Let c be t(-5). What is the greatest common factor of c and w?
26
Let c = -54 - -75. Suppose 32 = c*t - 17*t. What is the greatest common factor of 72 and t?
8
Let m be (-775)/45 + (-2)/(-9). Let h be 2/m - 312/(-51). What is the highest common divisor of 6 and h?
6
Let m be (-1)/4 - -1814*(-6)/(-16). What is the highest common factor of m and 85?
85
Let n = -440 - -453. Calculate the highest common divisor of 169 and n.
13
Suppose 2*h + 2 - 18 = 0. Let d = h + 12. Suppose -3*n = -p - 62, 6*p + 30 = n + p. Calculate the highest common factor of d and n.
20
Suppose 3*h + 45 = 60. What is the greatest common divisor of h and 1?
1
Let o(v) = -v**2 + v + 828. Let w be o(0). Calculate the highest common divisor of w and 184.
92
Suppose -5*u - 4*o = -3035, 5*u - 2 = o + 3058. Calculate the greatest common divisor of u and 39.
13
Suppose 6 = 3*y, -3*z + 4*y - 3 = 2*z. Calculate the highest common divisor of z and 11.
1
Suppose -145 = 4*j + 3*l - 21, 0 = 2*j - l + 62. Let r = j + 60. What is the greatest common factor of r and 29?
29
Let h(i) = i - 2*i**2 + i**3 + 8*i**2 + 1 + 0*i + 2. Let n be h(-3). What is the highest common divisor of 9 and n?
9
Let s(a) be the third derivative of 7*a**5/60 - a**4/6 - 7*a**3/6 - a**2. Let w be s(-4). Calculate the greatest common divisor of 11 and w.
11
Let f = -50 + 30. Let m = 32 + f. Suppose 3*k - 15 = m. What is the highest common divisor of k and 72?
9
Suppose 4*z - 2*z = 80. Let a(k) = 0 - k - 2 - 1 - 2. Let u be a(-10). Calculate the highest common divisor of u and z.
5
Let l be 0/(-2 + -2) - (-2)/2. Calculate the greatest common factor of l and 5.
1
Suppose -4*a = -5*x, x - a = 3*a. Suppose x = 3*l + 5*g - 205, -6*l - 3*g + 195 = -3*l. What is the greatest common divisor of 15 and l?
15
Let m be ((-14)/(-3))/((-6)/(-9)). Let h = -476 - -490. Calculate the highest common factor of m and h.
7
Let r = -10 - -23. Suppose 2 + r = 3*h. Suppose -3*k + 0*k = a - 39, -h*k = -a + 39. What is the highest common factor of a and 13?
13
Suppose -5*q = o - 39, 12 = 3*q - 3*o + 3. Let h(z) = z**3 - 8*z**2 + 6*z + 15. Let r be h(q). Calculate the highest common factor of 2 and r.
2
Suppose -88*s + 92*s - 988 = 0. What is the greatest common divisor of 39 and s?
13
Let j(y) = 4*y**2 + 4. Let f be j(-2). Suppose 14 = b + b - 4*n, -2*b = -n - f. What is the highest common divisor of 77 and b?
11
Let p(y) = -3*y - 18 + 7*y - 10*y. Let b be p(-5). What is the highest common factor of b and 144?
12
Let x = 615 + -550. What is the greatest common factor of x and 91?
13
Let d = 2204 - 2191. Suppose -10*k = -5*k - 520. Calculate the highest common divisor of d and k.
13
Let x be 6/(-2) - 75/(-15). Suppose -x*g = 3*g - 20. Suppose 7*o - 2*o + s - 119 = 0, 0 = -3*o - 5*s + 67. Calculate the highest common factor of o and g.
4
Let y = 105 - 189. Let d be (30/35)/((-3)/y). Suppose 8*o - d = 56. What is the highest common factor of o and 10?
10
Suppose 4*r + 4*i - 8 = 0, 11 = 2*r - 0*r - 5*i. Suppose -4*w - 19 = -r*w. Let q = w - -32. What is the greatest common factor of 117 and q?
13
Let l = 902 + -770. Calculate the highest common divisor of l and 352.
44
Suppose 16*k - 13944 = -5*k. What is the greatest common factor of 8 and k?
8
Let u be (-15)/2*460/(-138). Suppose 5*d - 3*b - 619 = 0, -2*d + b + 252 = 2*b. Suppose 2*q = q + d. Calculate the greatest common divisor of u and q.
25
Let j(z) = z + 10. Suppose -8*l - 25 = -3*l. Let x be j(l). Suppose -5*m = -2*y - 2*m + 106, x*m = -10. Calculate the highest common factor of y and 75.
25
Suppose 0 = -16*q + 20*q. Suppose q = -3*v + 737 + 337. Suppose v = 4*a - 58. Calculate the highest common divisor of a and 26.
26
Let h = -2120 - -2159. Calculate the greatest common divisor of h and 18.
3
Suppose -3*g + 3 = 0, -16 = -n - 5*g + 2. What is the highest common divisor of n and 2?
1
Let w = 88 - -11. Let s be 12 - (2/1 + -1). Calculate the greatest common factor of s and w.
11
Suppose 0 = 3*x + h - 23, 4*x - 2*h + 28 = 7*x. What is the greatest common divisor of x and 18?
6
Let o = -394 - -459. Calculate the highest common factor of o and 143.
13
Let i = -6 + 17. Let v(k) = -4*k**2 - 3*k + 99. Let u be v(0). What is the greatest common divisor of u and i?
11
Suppose -491 = -2*g + h, -h = 2*g + 2*h - 495. Suppose 4*o - 2*o = -g. Let m = o + 175. Calculate the greate